igit of 6538?
8
What is the units digit of 13764?
4
What is the units digit of 35606?
6
What is the thousands digit of 9206?
9
What is the tens digit of 4924?
2
What is the ten thousands digit of 137463?
3
What is the tens digit of 9038?
3
What is the ten thousands digit of 23403?
2
What is the thousands digit of 21745?
1
What is the units digit of 1244?
4
What is the tens digit of 45571?
7
What is the hundreds digit of 13337?
3
What is the thousands digit of 82858?
2
What is the tens digit of 780?
8
What is the tens digit of 781?
8
What is the tens digit of 983?
8
What is the hundreds digit of 3936?
9
What is the units digit of 20107?
7
What is the tens digit of 37115?
1
What is the thousands digit of 113680?
3
What is the tens digit of 53436?
3
What is the units digit of 204?
4
What is the units digit of 8858?
8
What is the units digit of 3258?
8
What is the units digit of 2850?
0
What is the units digit of 850?
0
What is the tens digit of 56?
5
What is the tens digit of 15166?
6
What is the tens digit of 10887?
8
What is the thousands digit of 58092?
8
What is the tens digit of 11309?
0
What is the hundreds digit of 34010?
0
What is the tens digit of 13783?
8
What is the tens digit of 584?
8
What is the ten thousands digit of 15892?
1
What is the thousands digit of 5344?
5
What is the units digit of 6519?
9
What is the thousands digit of 1531?
1
What is the units digit of 38094?
4
What is the thousands digit of 5904?
5
What is the units digit of 21346?
6
What is the hundreds digit of 107058?
0
What is the hundreds digit of 1976?
9
What is the hundred thousands digit of 124902?
1
What is the hundreds digit of 21937?
9
What is the tens digit of 284?
8
What is the thousands digit of 70622?
0
What is the thousands digit of 52452?
2
What is the units digit of 796?
6
What is the hundreds digit of 8088?
0
What is the hundreds digit of 1448?
4
What is the units digit of 4628?
8
What is the units digit of 79858?
8
What is the thousands digit of 18407?
8
What is the units digit of 504?
4
What is the units digit of 88242?
2
What is the hundreds digit of 58590?
5
What is the units digit of 84167?
7
What is the units digit of 38372?
2
What is the units digit of 52595?
5
What is the tens digit of 938?
3
What is the hundreds digit of 51542?
5
What is the tens digit of 5298?
9
What is the hundreds digit of 609?
6
What is the hundreds digit of 1625?
6
What is the tens digit of 106?
0
What is the units digit of 1174?
4
What is the units digit of 1228?
8
What is the hundreds digit of 712?
7
What is the tens digit of 4714?
1
What is the tens digit of 141916?
1
What is the hundreds digit of 737?
7
What is the tens digit of 7543?
4
What is the tens digit of 1504?
0
What is the hundreds digit of 605?
6
What is the thousands digit of 8549?
8
What is the units digit of 56206?
6
What is the hundreds digit of 2238?
2
What is the units digit of 877?
7
What is the hundreds digit of 460?
4
What is the tens digit of 525?
2
What is the hundreds digit of 626?
6
What is the tens digit of 912?
1
What is the thousands digit of 52018?
2
What is the thousands digit of 72065?
2
What is the units digit of 2060?
0
What is the units digit of 62407?
7
What is the units digit of 14882?
2
What is the units digit of 2384?
4
What is the units digit of 77311?
1
What is the tens digit of 7309?
0
What is the units digit of 1964?
4
What is the units digit of 1359?
9
What is the thousands digit of 15630?
5
What is the hundreds digit of 48913?
9
What is the thousands digit of 116713?
6
What is the ten thousands digit of 15205?
1
What is the units digit of 8197?
7
What is the thousands digit of 45562?
5
What is the tens digit of 30996?
9
What is the hundreds digit of 671?
6
What is the units digit of 17973?
3
What is the units digit of 183254?
4
What is the hundreds digit of 9860?
8
What is the units digit of 1266?
6
What is the tens digit of 23513?
1
What is the tens digit of 760?
6
What is the hundreds digit of 15289?
2
What is the tens digit of 393?
9
What is the thousands digit of 3706?
3
What is the hundreds digit of 101?
1
What is the thousands digit of 1430?
1
What is the units digit of 8810?
0
What is the units digit of 562?
2
What is the hundreds digit of 41733?
7
What is the hundreds digit of 37209?
2
What is the ten thousands digit of 23452?
2
What is the units digit of 12930?
0
What is the hundreds digit of 25515?
5
What is the hundreds digit of 1488?
4
What is the thousands digit of 16614?
6
What is the units digit of 893?
3
What is the tens digit of 3191?
9
What is the thousands digit of 1634?
1
What is the thousands digit of 2030?
2
What is the thousands digit of 7581?
7
What is the hundreds digit of 414?
4
What is the hundreds digit of 729?
7
What is the units digit of 26556?
6
What is the units digit of 557?
7
What is the tens digit of 782?
8
What is the units digit of 24710?
0
What is the tens digit of 5656?
5
What is the hundreds digit of 78641?
6
What is the thousands digit of 1737?
1
What is the hundreds digit of 624?
6
What is the hundreds digit of 18474?
4
What is the tens digit of 553?
5
What is the tens digit of 688?
8
What is the tens digit of 1755?
5
What is the units digit of 42966?
6
What is the thousands digit of 10393?
0
What is the thousands digit of 1357?
1
What is the tens digit of 7121?
2
What is the units digit of 301?
1
What is the ten thousands digit of 92854?
9
What is the hundreds digit of 9054?
0
What is the tens digit of 424?
2
What is the units digit of 54853?
3
What is the hundreds digit of 12112?
1
What is the hundreds digit of 2854?
8
What is the units digit of 470?
0
What is the hundreds digit of 2729?
7
What is the units digit of 31049?
9
What is the thousands digit of 9728?
9
What is the ten thousands digit of 43623?
4
What is the thousands digit of 112590?
2
What is the thousands digit of 5044?
5
What is the hundred thousands digit of 161982?
1
What is the thousands digit of 103001?
3
What is the ten thousands digit of 14842?
1
What is the hundreds digit of 140011?
0
What is the tens digit of 121555?
5
What is the thousands digit of 36736?
6
What is the tens digit of 350?
5
What is the thousands digit of 5513?
5
What is the ten thousands digit of 86974?
8
What is the thousands digit of 5397?
5
What is the thousands digit of 9319?
9
What is the units digit of 108317?
7
What is the units digit of 3043?
3
What is the hundreds digit of 4396?
3
What is the tens digit of 1444?
4
What is the tens digit of 7819?
1
What is the units digit of 9223?
3
What is the thousands digit of 1055?
1
What is the hundreds digit of 745?
7
What is the hundreds digit of 2297?
2
What is the units digit of 2411?
1
What is the thousands digit of 2112?
2
What is the ten thousands digit of 10375?
1
What is the tens digit of 11850?
5
What is the tens digit of 2959?
5
What is the units digit of 77885?
5
What is the hundreds digit of 953?
9
What is the ten thousands digit of 14431?
1
What is the hundreds digit of 1888?
8
What is the tens digit of 33?
3
What is the ten thousands digit of 62834?
6
What is the tens digit of 13336?
3
What is the units digit of 912?
2
What is the tens digit of 69250?
5
What is the thousands digit of 1377?
1
What is the tens digit of 346?
4
What is the units digit of 5312?
2
What is the thousands digit of 71196?
1
What is the units digit of 44969?
9
What is the tens digit of 1747?
4
What is the thousands digit of 7560?
7
What is the thousands digit of 104521?
4
What is the hundreds digit of 5975?
9
What is the ten thousands digit of 83325?
8
What is the units digit of 1050?
0
What is the hundreds digit of 384?
3
What is the tens digit of 1690?
9
What is the tens digit of 24484?
8
What is the thousands digit of 2341?
2
What is the units digit of 321?
1
What is the hundreds digit of 980?
9
What is the hundreds digit of 9014?
0
What is the tens digit of 58573?
7
What is the tens digit of 400?
0
What is the hundreds digit of 5341?
3
What is the thousands digit of 21649?
1
What is the tens digit of 160794?
9
What is the units digit of 434?
4
What is the thousands digit of 40145?
0
What is the units digit of 13301?
1
What is the thousands digit of 1078?
1
What is the units digit of 225?
5
What is the units digit of 14224?
4
What is the ten thousands d